0. What is the units digit of o?
9
What is the thousands digit of ((-9783)/9)/(-5 + 4)?
1
Suppose -i = -4*c - 1012 + 98, 4*c = -3*i + 2790. What is the hundreds digit of i?
9
Let c = 16 + -12. Let g = c + 1. Suppose 0 = -g*x + 306 - 41. What is the tens digit of x?
5
Let c = -9 - -15. Let j = c + -3. Suppose j*d + 100 = 5*q, 4*q + 2*d = 6*d + 80. What is the units digit of q?
0
Suppose 0 = p + 2*n + 343, -2*p + 7*p + 1715 = 2*n. Let c = p + 518. Suppose -6*t + t = -c. What is the units digit of t?
5
Let h be 3 + -1 - (1 + -1). Let z(b) = -b**3 + 3*b**2 - 4. Let y(c) = -c**2 + 1. Let g(s) = -5*y(s) - z(s). What is the tens digit of g(h)?
1
Let q be 2944/36 + -1*2/(-9). Suppose -4*b = -174 - q. What is the units digit of b?
4
Let o be (-9)/(-2) - 2/4. Suppose -i + s + 85 = 0, -o*i - s = -0*i - 315. What is the tens digit of (-4)/(2 - 164/i)?
8
Let z be (2 - 1)*0 - 2715. What is the units digit of 1/8 + z/(-40)?
8
Let j = 2 - -4. What is the units digit of (-76)/j*(9 + -12)?
8
Let q be 0 - -1 - (-6 - -4). What is the tens digit of -26*-3*q/18?
1
Let x = -11 + -18. Let u = x - -71. What is the tens digit of u?
4
Let h(m) = 4*m**3 + m**2 + m - 1. Let y be h(1). Let b be ((-8)/(-2) - 3)*y. Suppose 0 = r + 3*v - 55, -b*r + 0*v + 247 = v. What is the units digit of r?
9
Let h = 307 - -275. What is the units digit of h?
2
Suppose -87*h + 90*h - 3750 = 0. What is the tens digit of h?
5
Let p be 0 + (-4)/6 + 22/6. Suppose -6*q + 2*q + 28 = p*w, 0 = -2*w - 5*q + 21. What is the units digit of w?
8
Let p(c) = -c**2 + 56*c - 276. What is the units digit of p(37)?
7
Let h = 12 + -9. Suppose -2*u + h*t = -47, 5*u - 2*t - t = 95. Suppose 0 = -u*r + 14*r + 34. What is the tens digit of r?
1
Suppose -4 = -0*f + f. Let j be -5 + 3 - f - -1. Suppose -2*u - j*u + 95 = 0. What is the units digit of u?
9
Suppose -3*r + 2*b = -1082, 331 + 765 = 3*r + 5*b. What is the hundreds digit of r?
3
Let l(q) = -5*q - q**2 - 10*q - 10 + 1. Suppose 2*p = 4*v - 2*p + 16, 0 = 2*p + 4. What is the tens digit of l(v)?
4
Suppose -15*r + 6450 = -390. What is the hundreds digit of r?
4
Let i(h) = 3*h**2 - 16*h - 3. Suppose 2 + 0 = n, -3*n - 1 = -r. Let a be i(r). Let b = -5 + a. What is the units digit of b?
7
Let l be -3 + -2 + -147 + 4. Let s = l - -371. What is the hundreds digit of s?
2
Let q be (5/20)/(((-10)/8)/(-5)). What is the tens digit of 0/(-4) + 116 - q?
1
Suppose -8*h - 30 = -3*h. Let c(l) = l**3 + 8*l**2 - l + 7. Let v be c(h). Let t = -58 + v. What is the units digit of t?
7
Suppose -g + 29 = -2*o, 0*g = 3*o + 3*g + 21. Let p be (2/o)/(1/(-6)). What is the units digit of (7*-2)/((-1)/p)?
4
Suppose -p + 2*z = -1620 - 728, -5*p = 3*z - 11727. What is the thousands digit of p?
2
Suppose 0 = -2*a - 3*c - 2*c + 475, -3*a + c + 738 = 0. Let d = a + -122. What is the hundreds digit of d?
1
Let j(n) = n**2 - 1. Let d(a) = -7*a**2 - a + 10. Let p(k) = -d(k) - 4*j(k). Let g = -27 + 30. What is the tens digit of p(g)?
2
Let b(m) = -56*m - 4. Let c = -3 - 0. What is the hundreds digit of b(c)?
1
Let k = 78 - 55. Suppose k*w + 69 = 26*w. What is the units digit of w?
3
What is the tens digit of 6/27 - 197162/(-126)?
6
Let x(v) = v**3 + 9*v**2 + 7*v - 7. Let k be x(-8). Let s be k - 5/(20/(-168)). Suppose 3*n + 3*o = 123, n = 2*n + 2*o - s. What is the units digit of n?
9
Let i = 3130 + -1824. What is the tens digit of i?
0
Suppose a - 3 = -2*c, -3*c + 0*a + a = -7. Suppose -c*p = -0*h + h - 164, -p + 2*h = -92. What is the units digit of p?
4
Let s(v) = 2*v**2 - 9. Let a be 0 - 7/((-28)/(-32)). Let z be s(a). Let y = z + -80. What is the units digit of y?
9
Suppose 0 = -2*k - 2*c + 6, 3*c - 10 = 2*k + 9. Let p be (4/3)/(k/(-6)). What is the tens digit of ((-32)/(-8))/(1/p)?
1
Suppose 5*m + 98 = -17. Let c = -3 - m. What is the units digit of c - (3 + 0/(-1))?
7
Let d(a) = 4*a**2 + 5*a + 4. Let b be d(-7). Suppose -k = -g - 65, 5*g + 170 = 3*k - b. Let l = -5 - g. What is the units digit of l?
5
Let a = -147 - 29. Let n = a - -338. What is the units digit of n?
2
Let y be 31 + (-8)/(8/(-2)). Suppose b = y + 87. What is the units digit of b?
0
Let h = 2 + 1. Suppose -h*z + z + 8 = 0. Suppose 78 = -3*l + 6*l + i, -z*l - 4*i + 112 = 0. What is the units digit of l?
5
Let k be 1/(1/(-2)) + 4. Let o(r) = 2*r**3 + r**2 - r + 1. What is the tens digit of o(k)?
1
Let m = 222 - -1135. What is the units digit of m?
7
Let y be 5 + 1 + -4 - -252. Let f = -116 + y. What is the tens digit of f?
3
Suppose 0 = 5*x + 2847 - 1032. Let l = 547 + x. What is the hundreds digit of l?
1
What is the hundreds digit of (-838000)/(-360) + (-6)/(-27)?
3
What is the thousands digit of 3*18/54*(-1 + 2123)?
2
Suppose -6*q = -40*q + 26792. What is the hundreds digit of q?
7
Let x = -2122 - -4051. What is the tens digit of x?
2
Let u be 1/((-6)/(-292))*3. Let g(w) = w**2 - 3*w - 20. Let b be g(6). What is the units digit of b/(-5) - u/(-10)?
5
Suppose 2*x + 0*x - 32 = -4*n, -2*x = -3*n + 31. Let i(a) = -20*a**3 + 2*a + 19*a**2 - n*a**3 + 28*a**3 - 24. What is the units digit of i(19)?
4
Let a be (-52)/39*(-6)/2 + 4. Let d be (3 - -12)*1/1. Suppose j - d = a. What is the tens digit of j?
2
Suppose 4*n = 8*n. Let u = 17 + -12. Let b = u + n. What is the units digit of b?
5
Let l be ((-9)/18)/(3/1548). Let q = -173 - l. What is the units digit of q?
5
Let n be -2*(-5)/((-15)/(-12)). Suppose -9*s + 55 = -n*s. What is the tens digit of s?
5
Suppose -8*t - 5 = -429. Suppose -8*i = t - 437. What is the tens digit of i?
4
Let z be -3*(-3)/3*7. Suppose j + 4*r = -48, -3*r + 63 + z = -3*j. Let q = j + 34. What is the units digit of q?
2
Let k(m) = 2299*m**2 - 27*m + 23. What is the tens digit of k(1)?
9
Suppose -3*o - 3*y + 2*y + 5 = 0, -2*y = -o + 4. Suppose h = o*h. Suppose -4*s + 151 = 5*x, x = -h*s + 4*s - 133. What is the tens digit of s?
3
Let v(w) = 2*w - 2*w - 2*w + 6 - 5. Let r be v(3). Let o(y) = -y**3 - 5*y**2 - 3*y - 5. What is the units digit of o(r)?
0
Let j(g) = -2*g**3 - g**2 + g. Let x(u) = u**3 - u**2 - 1. Suppose 18 - 3 = -5*s. Let a(f) = s*x(f) - j(f). What is the units digit of a(3)?
9
Suppose 2*h = -8, -2*o - o - 20 = 5*h. Suppose o = -4*c + 39 + 257. What is the units digit of c?
4
What is the thousands digit of 32*11/44*456?
3
Let o = 491 - -856. What is the tens digit of o?
4
Let n = 575 + 1125. What is the units digit of n?
0
Let k = -2 - -2. Suppose k = 9*r - 6*r + 12. What is the units digit of 2*r*(-1)/2?
4
Suppose 14 = 5*x - 371. Suppose 2*s + 76 = 3*q - 155, x = q - 4*s. What is the tens digit of q?
7
Suppose -6*i - 158 = -7*i. Suppose 4*a - 6*a + i = 0. What is the units digit of a?
9
Let j = -49 + 47. Let p(g) = 14*g**2 - 3. What is the tens digit of p(j)?
5
Suppose -5*p - 1 = 4*o - 99, 0 = -o + 5*p + 37. Let c be (o/(-12))/(2/72). What is the units digit of (-50)/15*c/6?
5
Let m be (6/(-4 + 3/1))/(-2). Suppose -5*z + 68 = -m*z. What is the units digit of z?
4
Let l(a) = -a - 5. Let k be l(-8). Suppose 3*u - 23 = -2*x, 0 = x - 0*u - k*u - 25. What is the units digit of x?
6
Let a(r) = 42*r + 608. What is the hundreds digit of a(11)?
0
Let m be 5/(15/9) - -9. Suppose 1 = -4*z - 2*j + 9, 2*z = -5*j + m. What is the units digit of ((-7)/21)/(z/(-33))?
1
Suppose 1303 - 6601 = -3*h. What is the tens digit of h?
6
What is the thousands digit of (-127155)/(-33) - (-10)/(-55)?
3
Suppose 1619 = 4*r + b, 0 = 3*r + 8*b - 13*b - 1197. What is the tens digit of r?
0
Suppose -4*x - 28 = 4. Let c be (x/(-16))/((-1)/(-8)). Suppose 6*j - c*j - 48 = 0. What is the tens digit of j?
2
Suppose 5*r + 2*h = 2197, 3*r + 1754 = 7*r - 2*h. What is the units digit of r?
9
Suppose -6*a + 25 = -3*a + 4*b, 0 = -3*a + 5*b - 11. Suppose -2*x + a*x - 5 = 0. Suppose -2*d + 16 = 4*t - 84, x*t = -d + 125. What is the tens digit of t?
2
Let b(t) = 2*t**3 - 21*t**2 + 11*t - 9. Let q(s) = -s**3 + 10*s**2 - 6*s + 5. Let j(d) = -2*b(d) - 5*q(d). Let u = -144 - -152. What is the tens digit of j(u)?
5
Suppose 5*u - 3*n = 1758, -12*u - n - 350 = -13*u. What is the units digit of u?
4
Let b(r) = r**3 + 6*r**2 - r + 6. Let y be b(-6). Let f be 2/12 - 951/(-18). Suppose y = 5*v - f. What is the units digit of v?
3
Let s(k) = k**3 - 5*k**2 + 4*k + 8. Suppose 0 = 4*q - 25 + 1. What is the tens digit of s(q)?
6
What is the thousands digit